-8).
0
(7 - -6) + -6 + (9 - 10)
6
Calculate (2 - 1 - 5) + -44 + 48.
0
What is the value of 4 + (1 - (1 + 8))?
-4
What is 4 + 11 + -14 + (3 - 2)?
2
What is the value of (3 - (1 - 2) - 4) + -2?
-2
What is the value of (1 + -3 - 3) + (9 - 4)?
0
6 - 1 - (-10 - -20)
-5
Evaluate 1 + (12 - 8) + -9.
-4
What is the value of 8 - (0 - (-6 + 2))?
4
4 + (-9 - -1) - -6
2
5 - (25 - (27 + -14))
-7
-2 + 4 - ((-1 - 1) + 2)
2
-5 - (-4 - (5 + -6))
-2
What is -5 - (-1 - 2 - 2)?
0
Calculate 0 + (3 - (-1 - -2) - 2).
0
What is the value of 2 + (0 - 8 - -4)?
-2
What is 6 - (2 + -4 + -1 - -6)?
3
Evaluate (2 - 1) + 0 - 6.
-5
What is the value of 0 + 0 + 0 + (-25 - -23)?
-2
-1 + -2 + (-6 - -9)
0
What is -9 + -4 + -4 + 7?
-10
What is (1 + -6 - 0) + 6 - 6?
-5
What is the value of (-6 + 11 - -7) + 6 + -8?
10
Evaluate -3 - 6 - (-5 + 2).
-6
0 + -9 + (-3 - -10)
-2
5 - (-3 - -6 - -6)
-4
What is (4 - 1) + 2 + -4?
1
What is -1 + (-2 - (3 + -3)) + 8?
5
(-8 - -3) + 12 + (-1 - 0)
6
Evaluate (-2 + (5 - -3) - 1) + -3.
2
What is the value of 1 + -8 - (-18 - -11)?
0
Evaluate (-5 - -8) + -4 + 1.
0
What is -1 + 0 + 1 - (-53 - -51)?
2
What is the value of (-81 - -82) + (-12 - -1)?
-10
What is 3 + -5 + (3 - 2) - 2?
-3
Evaluate 5 + 0 - (-8 + 13).
0
Calculate 14 + -2 + -6 + -3 + -3.
0
Evaluate (19 - 26) + 2 + 0.
-5
Calculate (-1 + -4 - 1) + -7 + 8.
-5
What is -3 + 1 + 0 + 0?
-2
What is the value of -9 + 10 + -5 + 9?
5
Calculate -7 + 3 + -2 + 11.
5
Calculate -1 - -8 - (72 + -67).
2
Calculate -2 - (-7 - (-6 - -4)).
3
What is 8 - ((-2 - -3 - 1) + 3)?
5
What is the value of -5 + 9 + (0 - (6 + -2))?
0
37 + -37 - (-1 + -1 + 2)
0
Calculate 1 + 7 + -2 + -7.
-1
What is -5 - (4 - 9 - 6)?
6
Calculate 1 + -2 + (-15 - -14).
-2
What is the value of (-2 - (7 + -5)) + (4 - 5)?
-5
What is -25 + (15 - 9) + 10?
-9
Calculate 4 - ((-8 - 0) + 16).
-4
What is the value of 1 + (5 - 0) + -7?
-1
What is -2 + -2 + -27 + 30?
-1
Evaluate 4 + -1 + (3 - 5) + -3.
-2
5 + -1 - (3 + (1 - 2))
2
What is (-6 - -2) + 2 + 1 + -1?
-2
What is 5 + (6 + -10 - -2) - 1?
2
3 - (-7 - (-4 - (6 - -1)))
-1
Calculate (6 - (0 + 0)) + -3 + -3.
0
Calculate (2 - (-3 + 0)) + (3 - 6).
2
Evaluate (27 - 33) + (1 + 2 - -2).
-1
What is the value of 6 - (1 + 14 + -10)?
1
What is (-9 - -6) + (10 - 9)?
-2
What is the value of -11 + 16 + (1 - 2)?
4
Evaluate -2 + 0 + -4 + 33 + -28.
-1
-4 + 12 - (4 - (4 + 2))
10
What is the value of 0 + -2 + 2 + -4?
-4
0 + -3 + 4 + -3 + 7
5
What is -5 + -3 + 10 + 6?
8
What is 2 + (-11 - (-4 + 0))?
-5
-1 - (21 - 19 - (0 - -6))
3
What is the value of -20 + 20 - (3 + 4)?
-7
Evaluate -15 + (5 - 3 - -6) + 10.
3
Evaluate (0 - (-1 + 0)) + 0 + 4.
5
Evaluate 11 + -2 + 8 + -14.
3
What is the value of 7 + -9 + (0 - 1)?
-3
8 + -9 + 1 + 1 - 4
-3
Evaluate -1 + (4 - (-8 - -8)).
3
What is the value of 4 + -2 + 0 + -3?
-1
-9 + 9 + (0 - 1)
-1
Calculate (0 - 6 - (3 - 6)) + 3.
0
1 + 0 + 3 + -6
-2
-7 - (-6 + 0 + (-5 - -7))
-3
What is the value of (0 - -1) + -3 + -8 + 7?
-3
What is the value of -4 - (1 + 0 - (11 + -8))?
-2
Evaluate 7 - (6 + 2 + -5).
4
-10 + 5 + (-4 - -9)
0
Evaluate (5 - (3 + (1 - 3))) + -8.
-4
Calculate -3 + (11 - 0) + -13.
-5
-6 + (-2 - (-10 - 0))
2
What is 3 + (-1 - -2) - (2 - -4)?
-2
What is 10 + -15 - (0 - 0)?
-5
19 + 0 + (2 - -11) + -21
11
Evaluate 4 + -6 + (1 - -1).
0
What is -3 + 9 + -3 + -1?
2
Calculate (-6 - (2 - 5)) + 6.
3
40 - 38 - (14 - 5)
-7
What is the value of 16 - 21 - (-1 - 5)?
1
Evaluate 0 + 6 + -4 + -2 + 5.
5
Evaluate 6 + -6 - (0 + 2).
-2
Calculate -2 - (-8 - -2) - (9 - 9).
4
What is the value of (0 - 1) + (-4 - -5 - 0)?
0
What is the value of 1 - -5 - (3 + -3 + -1)?
7
Evaluate 5 + -4 - (4 + -2 + -1).
0
-16 + (8 - ((-4 - -4) + 2))
-10
Evaluate 3 - (5 - (10 + -9)).
-1
What is the value of 20 + -14 + 5 + -19?
-8
What is the value of (2 + (2 - 0) - -1) + -4?
1
(-8 - 0 - 2) + 2
-8
What is the value of -4 + ((-5 - -3) + 2 - 0)?
-4
What is the value of (-3 - (2 - 1)) + 7?
3
Evaluate -3 - (2 - 6) - -3.
4
What is -1 + -1 - (5 + -12)?
5
What is the value of -4 - ((6 - 10) + 0)?
0
Calculate (-2 - -3) + 7 + -6.
2
6 - (10 - 1) - 3 - -2
-4
Calculate -1 - -1 - (0 - -3).
-3
What is 13 - 1 - (54 - 45)?
3
What is the value of (4 - (8 + -5 + 4)) + 5?
2
-6 + 5 + -1 + 3
1
Calculate (4 - 9) + 12 + -14.
-7
Evaluate -4 + -4 + 6 - 2.
-4
What is (4 - (-5 - -2)) + -8?
-1
(4 - 0) + (1 - 7)
-2
Calculate -1 - 7 - (5 + -1 + -6).
-6
-6 + (7 + (-4 - -2) - -6)
5
What is 0 + -2 - (15 + -7 - 11)?
1
1 - 0 - (-12 + 12)
1
What is the value of 1 + -2 + -4 + 2?
-3
-4 + 1 + 2 + (10 - 6)
3
Evaluate -11 + 2 + 5 + -1.
-5
-7 - (-3 + -1 - 3)
0
Calculate 2 + 5 + 3 - 6.
4
What is 0 + -2 + (-2 - 0) + 1?
-3
Evaluate 1 + -3 + 3 + -3.
-2
What is the value of 9 + (-4 - (-5 + 5))?
5
What is the value of -19 + 15 - (-1 + 2 - 8)?
3
-5 + (4 - -1) + -7
-7
What is the value of 0 + 5 - (4 + -3)?
4
What is the value of 6 + -1 + (2 - 7)?
0
Calculate (1 - -6 - 6) + (-3 - -3).
1
Evaluate (0 - (5 + (1 - 4))) + 5.
3
Evaluate 1 + (0 - 5) - -3.
-1
Calculate (-5 - -5) + 0 + 1.
1
What is 4 - 10 - (5 + 1 + -4)?
-8
(8 - -1) + 135 + -143
1
What is the value of -2 + 2 + -3 + 6?
3
Calculate 3 - (2 + 5) - 1.
-5
Evaluate (-1 - 2) + (4 - 0).
1
Evaluate -1 + -8 + 10 + -7.
-6
Evaluate 2 + (-11 - (12 - 16)).
-5
-19 + 8 - -1 - -13
3
What is the value of 5 - (8 + -7) - (4 - 1)?
1
What is the value of (5 - -2) + 0 - 3?
4
Calculate -2 + 2 - (-10 + 9).
1
Calculate (-11 - 7) + 14 - 0.
-4
Calculate (27 - 3) + -27 - (0 + -6).
3
Evaluate -5 + 13 + -4 + -5.
-1
What is -1 + 0 - (-36 + 31)?
4
Evaluate -2 - 0 - (-4 + -5).
7
What is -3 + (2 - 4) + 13 + -5?
3
Evaluate 1 - 1 - (-51 - -45).
6
What is (0 - -3) + 0 + 2?
5
Calculate 2 - (-3 - (-1 + -3)).
1
What is (-6 - -12) + -3 + -1 - 3?
-1
What is -11 + 5 + 7 + -4?
-3
What is the value of (-3 - (-4 + -3)) + -4 + 0?
0
Calculate (18 - 9) + -11 - -7.
5
Evaluate 0 + (1 - (2 + -3)) - -2.
4
Calculate 5 - (-5 - (-8 - 7)).
-5
Calculate (-4 - (0 - 0)) + 5.
1
2 + -3 + 4 + 0 - 3
0
(-15 - -4) + 3 - -9
1
Evaluate 1 - (-4 + 4 - -5 - 3).
-1
Evaluate 1 + (-1 - (4 + 0 + -7)).
3
What is 10 - 1 - 22 - -10?
-3
What is -2 + -1 - 0 - 0 - -8?
5
Calculate 8 + (-20 - -8) - (-1 + -8).
5
What is (10 - (5 - -10)) + -4?
-9
What is 5 + 1 + 0 + -16 + 2?
-8
Calculate (87 - 96) + (-1 - -5).
-5
What is 4 + 8 + -12 + 9?
9
-6 - 0 - (-138 + 140)
-8
-6 - (4 - (9 + (0 - 2)))
-3
What is 53 + -55 + (1 - 0) + -1?
-2
What is the value of 2 - -4 - (-12 + 10 + 9)?
-1
Evaluate (-4 - 1) + 4 + 0.
-1
Calculate -7 + 8 + (9 - 17).
-7
What is the value of (4 - 1) + -3 - -3?
3
Evaluate (-4 - -3 - -4) + -5 + -2.
-4
Evaluate 2 + 0 + 0 + 11 + -14.
-1
0 + -9 - (-18 - -12)
-3
Evaluate 0 - (1 + -1 + 0 + -3).
3
-1 - (3 + 0 - 2) - -3
1
What is -6 + 3 + (5 - 0)?
2
What is 6 + (4 - (-5 + 8))?
7
Calculate 2 - (-5 + 11 + 0).
-4
17 - (3 - (-14 - -6))
6
Calculate 3 + -1 + -5 + 3 - 2.
-2
What is (-20 - -12 - -2) + 2?
-4
Calculate 13 + -10 - (3 - 1).
1
12 + -13 - (1 - 3)
1
Calculate (16 - 17) + 1 + 0.
0
(2 - -1) + (8 - 16 - -5)
0
Calculate 2 + (-12 - -5) + -3.
-8
12 + (-4 - 3) + -8
-3
What is the value of -6 + 13 + -6 + 1 + -1?
1
What is the value of 22 + -23 + 2 + -2 + 0?
-1
What is the value of -5 - (-1 + (0 + 5 - 2))?
-7
Calculate (-3 - 1) + (1 - (16 + -21)).
2
-5 + -4 - (-8 + 5)
-6
Calculate 0 - 4 - (47 + -48).
-3
Calculate 11 + -17 + -5 + 9 + 2.
0
Calculate (-1 - -2 - -2) + -5 + 5.
3
-9 + 16 + (-6 - 2) + 9
8
What is -6 + 1 + (0 - (-6 + 2))?
-1
What is 14 - (-6 + (16 - 4))?
8
4 + (-7 - -20) + -10
7
Evaluate 0 + -3 - (-35 - -30).
2
0 - -24 - (-26 + 40)
10
(13 - 6) + 1 + -8 - 7
-7
Calculate (1 - -5) + -4 + 2.
4
What is the value of -2 - 4 - (-1 - 9 - -8)?
-4
3 + -12 - (-5 - -1)
-5
1 + -5 - (-10 - -13 - 13)
6
Calculate -4 + -3 - (4 + -11).
0
Calculate (2 + -8 - -4) + -3.
-5
-7 + (2 - 2) - (-14 - -13)
-6
What is the value of -2 + -9 + 17 + -3 + 0?
3
Calculate -2 - -10 - (0 + 2).
6
-14 - (0 + -4 + -3)
-7
Calculate 4 - 0 - 1 - 1.
2
What is the value of 4 + -7 + -4 + 6?
-1
Evaluate -11 + (-1 + -3 - -5).
-10
Calculate 1 + 4 + -1 + (-1 - 7).
-4
Evaluate (-1 - 6) + (0 - 0) - -2.
-5
Calculate (4 - ((0 - 6) + 1)) + -2.
7
Evaluate 1 - 13 - (-9 + 2).
-5
What is the value of 2 - (-3 - 7) - (-1 - -6)?
7
Evaluate (-7 + 17 - 9) + -4 + -1.
-4
Evaluate -4 + -4 + 3 + 3.
-2
Calculate (3 - 3) + 0 + -1 + -1.
-2
What is (5 - 13 - (-1 + -1)) 